10*d - 6. Let p be l(2). Let h(b) = 3*b**3 + 9*b**2 + b + 4. Let i be h(-3). What is the greatest common factor of i and p?
1
Let j(z) = -28*z + 301. Let y be j(8). What is the highest common divisor of y and 9?
1
Let k(l) = -l**2 + 65*l - 506. Let m be k(47). What is the greatest common factor of 30 and m?
10
Suppose 69*g + 3575 = 124*g. What is the highest common factor of g and 4420?
65
Let u(z) = -z**2 + 3*z + 18. Let t be u(13). Let f = 142 + t. Suppose 5*h = 150 + 150. What is the highest common factor of f and h?
30
Suppose 2*m - 14 = 4*b, m - 1 = 3*b - 7*b. Suppose 0 = -5*c - x + 77, -4*c - m*x - 35 = -7*c. Calculate the greatest common divisor of 35 and c.
5
Let c = -5 + 8. Let a = 144 + -140. Let b(s) = 179*s - 647. Let g be b(a). What is the highest common factor of c and g?
3
Let m(n) = -259*n - 9. Let d(u) = 129*u + 4. Let y(c) = 7*d(c) + 3*m(c). Let f be y(1). Let s = f - 113. Calculate the highest common factor of 154 and s.
14
Let x(z) be the third derivative of 12*z**2 - 1/60*z**5 + 13/6*z**3 + 0*z + 1/2*z**4 + 0. Let y be x(11). What is the greatest common divisor of 168 and y?
24
Suppose 5 = b, -4*b = -5*u + 84 - 24. Let h be 4*(4/(-12))/(1/(-213)). Let j = 412 - h. Calculate the highest common divisor of u and j.
16
Let c = -1553 - -1569. Let a be (-1 - 47)*(9 + (-280)/30). Calculate the greatest common factor of a and c.
16
Let z = -174 + 199. Suppose -63*r + 1026 = -z*r. Let b = 23 + -5. Calculate the highest common divisor of b and r.
9
Suppose 5*m = 4*g + 1899, 0 = 4*m + 6*g - 2*g - 1548. Let t = -236 + m. Calculate the highest common divisor of t and 196.
49
Suppose -49 = -2*y - p, 297*p - 117 = -5*y + 300*p. What is the highest common factor of y and 2168?
8
Suppose 26*o = -50*o + 12312. What is the greatest common divisor of 1242 and o?
54
Let g(c) = 56*c + 7. Let v = -49 + -26. Let d be (-15)/v + 18/10. Let k be g(d). What is the highest common factor of 17 and k?
17
Let i = -210 + 219. Suppose 5*y - 1376 = -x, 0 = -5*x + 14 - i. Calculate the greatest common factor of y and 11.
11
Let i = -550 - -1082. Suppose i = 13*c - 612. Calculate the greatest common factor of c and 8.
8
Suppose 3*b + 738 = -3*x + 6*x, 1246 = 5*x - b. Let j = x + -237. Calculate the highest common factor of j and 4.
1
Suppose 19*v = 13*v + 24. Suppose v*o = -o + 80. Suppose f + m - o = 5, -87 = -4*f - m. Calculate the highest common factor of 33 and f.
11
Let o be (2 + 4/(-3))*624/2. Let x = 3860 - 3847. Calculate the highest common divisor of o and x.
13
Suppose -4240 = 25277*c - 25330*c. What is the greatest common divisor of c and 550?
10
Suppose 48*i = 45*i + 66. Let c(d) = -34 + 58 + i - d**2. Let r be c(-6). Calculate the highest common factor of r and 50.
10
Let i = 88 + -58. Let c be 4 - 1 - i/(-1). Calculate the greatest common divisor of c and 44.
11
Suppose 99 = -89*f + 30*f + 335. Calculate the highest common factor of 138 and f.
2
Let a(x) be the third derivative of -x**4/4 - 2*x**3/3 + 5*x**2. Let p be a(-1). Let c = 13 + -12. Calculate the highest common factor of c and p.
1
Suppose 10*f - 9*f + 3*n = 3061, -5*f - 8*n + 15284 = 0. Calculate the greatest common factor of f and 154.
14
Let j(t) be the third derivative of -3*t**6/40 - t**5/60 + t**4/3 + 4*t**3/3 - 153*t**2. Let s be j(-1). What is the greatest common factor of s and 2?
2
Let j(s) = 2*s**2 - 16*s + 4. Let a be j(-17). Calculate the highest common divisor of 154 and a.
14
Let h = 5 + -4. Let j be (0 - 1) + h - -77. Suppose -18*o - 367 = -493. Calculate the greatest common divisor of j and o.
7
Let j = 103 + -107. Let s be -8 + 11450/90 - j/(-18). Calculate the greatest common factor of s and 17.
17
Suppose 50*p + 2542 - 8492 = 0. What is the highest common factor of 1870 and p?
17
Let o = 31 + -28. Let g be -93*-2*(-4 - -5). Suppose -2*f + o*f + 5*b = g, -3*f + 526 = -b. What is the highest common divisor of f and 16?
16
Let c(t) = -t**3 + 3*t**2 - 3*t + 4. Let k be c(3). Let a(h) = -h**3 - 9*h**2 - 21*h - 2. Let d be a(k). Calculate the highest common factor of 15 and d.
3
Suppose -12*q = -9*q - 5*d - 15545, -2*q + 5*d + 10375 = 0. What is the greatest common factor of q and 188?
94
Let t = -59 + 58. Let u be (-54)/t + (-84)/14. Let v(x) = -x**2 - 6*x + 1. Let n be v(-5). Calculate the highest common divisor of n and u.
6
Suppose -5*n = -11*n + 156. Suppose n*r + t = 23*r + 7, 4*r - t - 21 = 0. Calculate the highest common factor of r and 38.
2
Suppose -3*c - 4*h + 106 = 0, -c + 10*h = 6*h - 62. What is the greatest common factor of 574 and c?
14
Let j be (-11 - -14)/(6/4). Suppose j*f - 566 = 262. Suppose 7*y = y + f. Calculate the greatest common factor of y and 46.
23
Let w be (-1)/(-4) - (-4)/(64/28). Let f be (35 - (-3 + 1))/(3 - w). What is the highest common divisor of f and 111?
37
Let w be (60496/(-120))/(6/(-30)) + (-4)/6. What is the greatest common factor of 36 and w?
36
Let i = -258 + 274. Let t be 2/(-6) - (-68)/(-3). Let k = -7 - t. Calculate the greatest common divisor of k and i.
16
Let w be 420/(-24)*(-2176)/10. What is the greatest common divisor of w and 8?
8
Suppose -33*m - y + 10567 = -28*m, y = -m + 2119. Calculate the highest common factor of m and 60.
12
Let r be ((-608)/(-80) - 6)/((-2)/(-15)). What is the greatest common divisor of r and 4848?
12
Suppose t - 6 = -5*h, -4*h + 1 = 9. Calculate the highest common factor of t and 148.
4
Suppose -5*n - 5*i = -510, 5*n - 555 = i + 3*i. Suppose -4*k = -189 - n. Let u = k - 41. What is the greatest common factor of 66 and u?
33
Suppose 27 = h + 8*h. Let j = 5 - h. Let c(i) = i**3 - 4*i**2 + 5*i - 2. Let y be c(3). What is the greatest common factor of y and j?
2
Let r(w) = -w**2 - 17*w + 24. Let i be r(-18). Suppose -5*z - 10 = 0, 3*q - i*z + 3*z - 12 = 0. Calculate the highest common factor of q and 5.
1
Let y = -252 - -250. Let p(h) = 56*h + 118. Let s be p(y). Calculate the greatest common divisor of s and 27.
3
Suppose -2*o + 2*n + 114 = 0, 4*n = 2*o - 38 - 72. Suppose o = 3*m - 4. Suppose 386*u - 3389 = 308*u + 3163. What is the greatest common divisor of u and m?
21
Let n(t) = -17*t - 6. Let b be n(-5). Suppose -5*r = 3*a - b, -2 = 4*a + 6. Suppose 5*m - 1297 - 607 = -9*m. What is the greatest common factor of r and m?
17
Let d(r) = 20*r + 36. Let h be d(3). Suppose 4*n + j - 240 = 0, n - 60 = 4*j + j. Suppose -5*f + n = -0*f. What is the highest common divisor of h and f?
12
Let k(v) = 2*v**2 - 11*v + 35. Let t be 1 - ((-1)/(-2))/(1/(-6)). Let s be k(t). Calculate the greatest common factor of s and 23.
23
Let o = -21396 - -22730. Calculate the highest common factor of 10 and o.
2
Let g = -2 - -6. Suppose 0*q + 2*q = g*f - 14, f + 3*q = 7. Suppose -f*o = -63 - 33. What is the highest common factor of o and 108?
12
Let c = -13132 - -13328. Calculate the highest common factor of c and 931.
49
Let k = 12291 - 12131. Calculate the greatest common factor of k and 5536.
32
Let i = 9195 - 8252. What is the greatest common divisor of i and 161?
23
Suppose -216 = 163*g - 190*g. What is the greatest common factor of 152 and g?
8
Let v(p) = p**3 + 3*p**2 + p + 1. Let i(u) = 4*u**3 + 3*u**2 - u + 4. Let w(h) = -i(h) + v(h). Let t be w(-2). Calculate the highest common factor of t and 629.
17
Suppose 5*p + 2 = 4*u, -6 = 2*p + p - 4*u. Suppose 81 = p*t - 21. Calculate the highest common divisor of t and 17.
17
Let m be (-21)/6*(19 + (-4417)/49). Calculate the highest common divisor of m and 9.
3
Let g = 8 - 0. Suppose 249*z = 248*z - 9. Let b be (-376)/141*z/2. Calculate the greatest common divisor of g and b.
4
Let k(t) = -3*t - 72. Let x be k(-26). Suppose 4*j - z = 23, 9 = 3*j - 3*z - x. Calculate the greatest common divisor of 9 and j.
3
Suppose 0 = -263*r + 271*r - 1008. Let c be r/2*12/28. What is the highest common divisor of 234 and c?
9
Let o be 100/(-1 - (-54)/45). What is the highest common factor of o and 160?
20
Suppose 53*u = 112*u - 39*u - 40. Calculate the highest common factor of 338 and u.
2
Suppose -6*h + 1180 = -1364. Let t = 629 - h. What is the greatest common divisor of t and 5?
5
Let z(l) = -46*l - 4. Let d(h) = h - 11 - 3*h + h - 4. Let k be d(-14). Let g be z(k). Calculate the greatest common divisor of g and 42.
42
Suppose -4*l + 3*g + 2463 = 423, 4*g = 16. What is the gre